t common factor of 284696 and 138472?
152
Calculate the highest common factor of 264 and 9254718.
66
Calculate the greatest common factor of 3956216 and 1464.
488
Calculate the highest common factor of 5 and 61330015.
5
Calculate the greatest common factor of 51594709 and 4731.
1577
Calculate the greatest common factor of 125592 and 263832.
24
What is the greatest common divisor of 29 and 1450730887?
29
Calculate the greatest common divisor of 6637984 and 73312.
928
Calculate the highest common divisor of 60186 and 76762.
14
What is the greatest common divisor of 1361 and 85692643?
1361
Calculate the greatest common factor of 492 and 143418.
246
What is the highest common factor of 324 and 89729613?
81
What is the greatest common divisor of 2796165 and 105?
15
Calculate the greatest common divisor of 2737 and 3867772.
391
Calculate the highest common divisor of 40230 and 3424020.
4470
What is the highest common factor of 17479860 and 300?
60
Calculate the highest common divisor of 25460388 and 4.
4
What is the greatest common factor of 8673 and 1367671389?
8673
Calculate the highest common factor of 9042311 and 712.
89
What is the greatest common divisor of 22 and 3337535190?
22
Calculate the highest common factor of 378196484 and 17.
17
Calculate the greatest common divisor of 346 and 28146581.
173
Calculate the highest common factor of 11273117 and 5473.
421
Calculate the highest common factor of 19729829 and 14.
7
What is the highest common divisor of 7508809 and 539?
539
Calculate the highest common factor of 33 and 11676599.
11
Calculate the greatest common factor of 632 and 1520776.
8
What is the greatest common divisor of 6520895 and 171?
19
Calculate the greatest common factor of 13279900 and 265.
5
Calculate the greatest common factor of 218694 and 1813266.
1722
Calculate the greatest common divisor of 1072 and 146998.
134
Calculate the greatest common factor of 12040 and 576448.
8
Calculate the greatest common divisor of 66623 and 11400371.
3919
What is the highest common divisor of 708526 and 75803?
1547
What is the greatest common divisor of 141503 and 209237?
71
Calculate the highest common divisor of 16284 and 16077069.
69
Calculate the highest common factor of 269951 and 50899.
23
What is the greatest common divisor of 960 and 99127680?
960
What is the greatest common factor of 586568213 and 16863?
5621
What is the greatest common divisor of 1471930 and 6707?
19
Calculate the greatest common factor of 1050107 and 6027520.
4709
Calculate the greatest common factor of 61654 and 226.
2
Calculate the highest common divisor of 12337569 and 794.
397
What is the greatest common factor of 6754 and 35942?
2
Calculate the highest common factor of 172081 and 35929.
1891
Calculate the highest common divisor of 65034 and 66078.
18
Calculate the highest common factor of 1179447996 and 502.
502
What is the highest common divisor of 13867 and 8309?
7
What is the highest common factor of 22676 and 1247514471?
5669
What is the highest common factor of 31614560 and 4040?
40
What is the greatest common divisor of 24 and 972612?
12
Calculate the highest common factor of 17876 and 1943688.
436
Calculate the highest common divisor of 9616 and 18353338.
1202
Calculate the greatest common divisor of 111813 and 163137.
1833
Calculate the highest common factor of 1027749 and 11803.
37
Calculate the greatest common factor of 74 and 7214149.
37
What is the greatest common divisor of 286 and 37722126?
26
Calculate the highest common divisor of 18385400 and 350720.
5480
What is the highest common divisor of 69337650 and 60?
30
Calculate the greatest common divisor of 1280924 and 3037722.
3578
Calculate the greatest common factor of 171624 and 282.
6
Calculate the highest common divisor of 41283 and 30915.
27
Calculate the greatest common factor of 5778936 and 11610.
18
What is the greatest common factor of 35366446 and 2404?
1202
What is the highest common factor of 65790283 and 91?
13
Calculate the greatest common divisor of 13896720 and 28080.
720
Calculate the highest common factor of 14968727 and 29.
29
What is the highest common factor of 1770 and 59310?
30
What is the highest common factor of 300822155 and 95?
95
Calculate the highest common divisor of 46091984 and 45032.
3464
Calculate the greatest common divisor of 80661 and 206611398.
3507
What is the highest common factor of 41251084 and 2296?
1148
What is the greatest common factor of 2248 and 485368?
8
What is the greatest common divisor of 26258 and 305900?
38
Calculate the highest common factor of 16208836 and 644.
644
Calculate the greatest common divisor of 304742256 and 728.
728
Calculate the highest common factor of 260 and 24664835.
65
Calculate the highest common divisor of 4671 and 497649.
3
Calculate the greatest common factor of 5584 and 59887004.
1396
What is the highest common divisor of 33 and 91074863?
11
Calculate the highest common divisor of 4582390 and 10.
10
What is the highest common factor of 2 and 14423654?
2
Calculate the greatest common divisor of 55450260 and 270.
90
What is the greatest common factor of 1332 and 54999279?
333
What is the greatest common divisor of 32382672 and 672?
336
What is the highest common divisor of 161 and 179?
1
Calculate the greatest common divisor of 878178 and 3219.
87
What is the greatest common factor of 110 and 19718380?
110
Calculate the greatest common factor of 12502287 and 42593.
191
Calculate the greatest common divisor of 2250 and 18468.
18
What is the highest common divisor of 130 and 9265670?
10
Calculate the greatest common divisor of 38 and 2724391.
19
What is the highest common factor of 868375 and 19000?
125
What is the highest common divisor of 1153518 and 1496?
34
Calculate the highest common factor of 240784 and 392688.
1616
Calculate the highest common factor of 1472 and 1747586.
46
What is the highest common factor of 80 and 366655?
5
Calculate the highest common divisor of 283212 and 4248.
36
Calculate the highest common factor of 132244480 and 6624.
736
What is the greatest common divisor of 2511 and 77466861?
2511
Calculate the greatest common divisor of 35740 and 40510.
10
Calculate the highest common divisor of 47748 and 5036448.
276
What is the greatest common divisor of 5830558 and 1784?
446
Calculate the greatest common factor of 1625508 and 13311.
783
What is the greatest common divisor of 24863 and 6345?
47
What is the highest common factor of 71103 and 16714?
137
Calculate the greatest common divisor of 14853 and 20591209.
4951
What is the highest common divisor of 832 and 5859632?
16
Calculate the greatest common divisor of 2273254 and 16.
2
What is the highest common divisor of 307159 and 97751?
409
What is the greatest common factor of 834 and 48812?
2
What is the greatest common divisor of 5809554 and 228?
114
Calculate the greatest common divisor of 539497 and 39577.
2083
What is the greatest common divisor of 20232590 and 49?
49
Calculate the highest common divisor of 49698012 and 117.
39
Calculate the greatest common factor of 51828009 and 111.
111
Calculate the highest common factor of 11 and 328760.
1
What is the highest common factor of 381 and 1391416572?
381
What is the highest common factor of 267 and 10475211?
267
Calculate the greatest common divisor of 71118156 and 8.
4
Calculate the highest common divisor of 16159663 and 6097.
871
What is the highest common divisor of 11927278 and 154?
22
Calculate the greatest common divisor of 65986096 and 21164.
1628
Calculate the greatest common divisor of 1904056 and 5852.
308
Calculate the highest common divisor of 6025 and 7569328.
241
What is the highest common factor of 15 and 1883965?
5
Calculate the highest common factor of 422 and 14045215.
211
What is the greatest common factor of 161417887 and 46?
23
Calculate the greatest common divisor of 135 and 69420885.
15
What is the highest common factor of 400 and 103058425?
25
Calculate the highest common divisor of 2545684 and 348.
4
What is the highest common factor of 38012 and 251668?
68
Calculate the highest common factor of 153 and 98886321.
9
What is the highest common divisor of 398 and 146570465?
199
Calculate the highest common factor of 27195892 and 188.
188
What is the highest common facto